78?
46
What is the greatest common divisor of 34 and 306?
34
Calculate the greatest common factor of 12 and 57.
3
Calculate the highest common divisor of 180 and 36.
36
What is the highest common divisor of 68 and 30532?
68
What is the highest common factor of 6 and 1038?
6
Calculate the highest common divisor of 208 and 160.
16
Calculate the greatest common divisor of 92 and 989.
23
Calculate the greatest common factor of 2233 and 33.
11
What is the highest common divisor of 88 and 11?
11
Calculate the highest common factor of 213 and 284.
71
Calculate the highest common divisor of 67 and 603.
67
Calculate the highest common factor of 144 and 36.
36
Calculate the highest common divisor of 2 and 1024.
2
Calculate the greatest common factor of 1534 and 118.
118
Calculate the greatest common factor of 65 and 65.
65
What is the highest common divisor of 2432 and 19?
19
Calculate the highest common factor of 36 and 90.
18
What is the highest common factor of 104 and 2158?
26
What is the highest common factor of 72 and 558?
18
Calculate the highest common factor of 87 and 377.
29
What is the highest common factor of 78 and 1534?
26
What is the highest common divisor of 32 and 56?
8
Calculate the highest common factor of 16 and 5648.
16
Calculate the greatest common divisor of 240 and 530.
10
What is the highest common divisor of 1884 and 12?
12
Calculate the highest common divisor of 432 and 64.
16
What is the highest common factor of 150 and 18?
6
Calculate the greatest common divisor of 264 and 132.
132
Calculate the highest common factor of 19 and 133.
19
Calculate the highest common factor of 3416 and 616.
56
What is the greatest common divisor of 140 and 56?
28
Calculate the highest common divisor of 742 and 14.
14
Calculate the highest common factor of 7 and 7.
7
What is the greatest common divisor of 1325 and 100?
25
Calculate the greatest common factor of 23686 and 26.
26
What is the greatest common divisor of 290 and 9280?
290
What is the highest common divisor of 673 and 1?
1
Calculate the greatest common factor of 14 and 105.
7
What is the greatest common divisor of 261 and 6?
3
What is the greatest common factor of 891 and 10125?
81
Calculate the greatest common factor of 737 and 33.
11
What is the highest common factor of 399 and 2919?
21
Calculate the greatest common divisor of 952 and 56.
56
What is the highest common factor of 34 and 16?
2
What is the highest common divisor of 684 and 1539?
171
What is the highest common factor of 2 and 1944?
2
What is the highest common divisor of 54 and 27?
27
What is the highest common factor of 24 and 2112?
24
What is the greatest common factor of 99 and 9?
9
Calculate the greatest common factor of 95268 and 204.
204
What is the greatest common divisor of 11 and 4?
1
Calculate the greatest common divisor of 84 and 4200.
84
Calculate the greatest common factor of 141 and 21.
3
Calculate the greatest common factor of 32 and 1732.
4
What is the highest common divisor of 355 and 213?
71
Calculate the highest common divisor of 56 and 420.
28
What is the highest common divisor of 108 and 52218?
54
What is the highest common divisor of 48 and 720?
48
What is the greatest common divisor of 14 and 9478?
14
What is the highest common factor of 288 and 108?
36
What is the greatest common divisor of 2312 and 8?
8
Calculate the greatest common divisor of 978 and 24.
6
Calculate the greatest common factor of 15 and 135.
15
Calculate the highest common divisor of 31 and 5611.
31
Calculate the greatest common divisor of 2028 and 13.
13
What is the highest common factor of 4380 and 24?
12
What is the highest common factor of 1349 and 142?
71
What is the greatest common factor of 4 and 84?
4
Calculate the highest common divisor of 62 and 992.
62
What is the highest common factor of 494 and 1121?
19
What is the highest common factor of 14 and 994?
14
What is the highest common divisor of 203 and 464?
29
Calculate the highest common divisor of 960 and 672.
96
What is the greatest common divisor of 4511 and 13?
13
Calculate the greatest common factor of 396 and 11.
11
What is the highest common factor of 66 and 96?
6
Calculate the highest common divisor of 22 and 82.
2
Calculate the greatest common divisor of 207 and 7107.
69
What is the highest common factor of 689 and 106?
53
Calculate the greatest common divisor of 288 and 592.
16
Calculate the greatest common factor of 61 and 1159.
61
Calculate the greatest common factor of 429 and 13.
13
What is the greatest common divisor of 238 and 68?
34
Calculate the greatest common divisor of 13 and 351.
13
What is the greatest common factor of 87 and 667?
29
Calculate the highest common divisor of 2 and 32.
2
Calculate the greatest common factor of 329 and 235.
47
Calculate the highest common factor of 600 and 180.
60
What is the greatest common divisor of 390 and 52?
26
Calculate the highest common divisor of 105 and 1505.
35
What is the greatest common divisor of 108 and 1908?
36
What is the highest common factor of 959 and 7?
7
What is the highest common factor of 32 and 752?
16
What is the highest common factor of 14 and 273?
7
Calculate the greatest common divisor of 264 and 6072.
264
Calculate the highest common divisor of 425 and 25.
25
What is the highest common factor of 201 and 469?
67
What is the greatest common factor of 273 and 1547?
91
What is the greatest common factor of 25 and 20?
5
Calculate the greatest common divisor of 1 and 2339.
1
What is the highest common divisor of 710 and 20?
10
What is the greatest common factor of 32 and 172?
4
Calculate the greatest common divisor of 5300 and 550.
50
What is the highest common divisor of 4445 and 35?
35
What is the highest common divisor of 5958 and 108?
18
What is the highest common divisor of 104 and 169?
13
What is the highest common divisor of 612 and 2924?
68
What is the greatest common divisor of 62 and 2015?
31
What is the highest common factor of 152 and 361?
19
What is the greatest common factor of 18 and 222?
6
What is the highest common factor of 6773 and 39?
13
Calculate the greatest common factor of 464 and 4988.
116
Calculate the highest common divisor of 1771 and 385.
77
Calculate the highest common divisor of 200 and 220.
20
Calculate the highest common factor of 1711 and 590.
59
Calculate the highest common factor of 29 and 29.
29
What is the greatest common factor of 154 and 1298?
22
Calculate the highest common factor of 4717 and 477.
53
Calculate the highest common divisor of 12826 and 121.
121
Calculate the highest common factor of 36 and 996.
12
What is the greatest common divisor of 5762 and 86?
86
What is the highest common factor of 7097 and 188?
47
What is the highest common divisor of 525 and 168?
21
Calculate the highest common factor of 696 and 48.
24
What is the greatest common divisor of 483 and 1104?
69
Calculate the greatest common divisor of 68 and 39814.
34
Calculate the greatest common divisor of 144 and 3120.
48
What is the greatest common factor of 25 and 625?
25
What is the highest common divisor of 700 and 2300?
100
What is the highest common divisor of 48 and 72?
24
What is the highest common divisor of 46 and 1426?
46
What is the highest common divisor of 114 and 342?
114
Calculate the highest common factor of 2201 and 71.
71
Calculate the greatest common divisor of 56 and 14.
14
What is the greatest common factor of 66 and 4488?
66
What is the greatest common divisor of 44 and 550?
22
Calculate the highest common factor of 9610 and 10.
10
Calculate the highest common factor of 576 and 27.
9
Calculate the greatest common factor of 126 and 3066.
42
What is the highest common factor of 209 and 190?
19
What is the greatest common divisor of 9273 and 33?
33
What is the highest common factor of 81 and 153?
9
What is the greatest common factor of 49348 and 292?
292
What is the highest common divisor of 14 and 14917?
7
What is the greatest common divisor of 145 and 2987?
29
Calculate the highest common divisor of 18 and 34.
2
What is the greatest common divisor of 26 and 91?
13
Calculate the highest common factor of 119 and 748.
17
Calculate the greatest common divisor of 747 and 9.
9
Calculate the greatest common divisor of 2296 and 246.
82
Calculate the greatest commo